{"id":13097,"date":"2021-07-13T14:12:48","date_gmt":"2021-07-13T18:12:48","guid":{"rendered":"https:\/\/relais-communautaire.org\/page\/?page_id=13097"},"modified":"2026-02-03T15:51:07","modified_gmt":"2026-02-03T20:51:07","slug":"offres-demploi","status":"publish","type":"page","link":"https:\/\/relais-communautaire.org\/page\/offres-demploi\/","title":{"rendered":"Offres d&#8217;emploi"},"content":{"rendered":"<div class=\"vc_row wpb_row vc_row-fluid\"><div class=\"wpb_column vc_column_container vc_col-sm-12\"><div class=\"vc_column-inner \"><div class=\"wpb_wrapper\">\n\t<div class=\"wpb_text_column wpb_content_element \" >\n\t\t<div class=\"wpb_wrapper\">\n\t\t\t<h3><strong>OFFRE D\u2019EMPLOI \u2013 CAMIONNEUR<\/strong><\/h3>\n<p>Poste temporaire \u2013 Le candidat doit \u00eatre admissible \u00e0 la mesure du Programme de subvention salariale d\u2019Emploi-Qu\u00e9bec.<\/p>\n<p>Dur\u00e9e : 30 semaines<\/p>\n<p>Date limite pour postuler : 15 octobre 2025<\/p>\n<p>Entr\u00e9e en fonction : D\u00e8s que possible<\/p>\n<p>&nbsp;<\/p>\n<p>Veuillez faire parvenir votre lettre d\u2019admissibilit\u00e9 ainsi que votre CV \u00e0 : Mme Ramona Gutu<\/p>\n<p>Courriel : rgutu@relais-communautaire.org<\/p>\n<p>&nbsp;<\/p>\n<p><strong>Principales fonctions :<\/strong><\/p>\n<p>&#8211; D\u00e9m\u00e9nagement de meubles et cueillette de denr\u00e9es<\/p>\n<p>&#8211; V\u00e9rification du camion avant chaque sortie<\/p>\n<p>&#8211; S\u2019assurer de la pr\u00e9sence des \u00e9l\u00e9ments de s\u00e9curit\u00e9<\/p>\n<p>&#8211; Remplir le journal de bord<\/p>\n<p>&#8211; Effectuer quotidiennement les cueillettes aupr\u00e8s des divers fournisseurs, selon un trajet pr\u00e9d\u00e9fini<\/p>\n<p>&#8211; Vider le camion \u00e0 intervalles r\u00e9guliers, selon les cueillettes effectu\u00e9es<\/p>\n<p>&#8211; Nettoyer quotidiennement le plancher du camion<\/p>\n<p>&#8211; Effectuer le d\u00e9m\u00e9nagement de meubles, d\u2019\u00e9lectrom\u00e9nagers ou d\u2019autres marchandises<\/p>\n<p>&nbsp;<\/p>\n<p><strong>Exigences :<\/strong><\/p>\n<p>Langues : Fran\u00e7ais parl\u00e9 et \u00e9crit \u2013 niveau interm\u00e9diaire<\/p>\n<p>Exp\u00e9rience : 1 \u00e0 6 mois<\/p>\n<p>Conditions : Permis de conduire valide, classe 5<\/p>\n<p>Horaire : 40 heures par semaine<\/p>\n<p>Salaire : 16,35 $\/h<\/p>\n\n\t\t<\/div>\n\t<\/div>\n\n<div class=\"vc-zigzag-wrapper vc-zigzag-align-center\"><div class=\"vc-zigzag-inner\" style=\"width: 100%;min-height: 14px;background: 0 repeat-x url(&#039;data:image\/svg+xml;utf-8,%3C%3Fxml%20version%3D%221.0%22%20encoding%3D%22utf-8%22%3F%3E%3C%21DOCTYPE%20svg%20PUBLIC%20%22-%2F%2FW3C%2F%2FDTD%20SVG%201.1%2F%2FEN%22%20%22http%3A%2F%2Fwww.w3.org%2FGraphics%2FSVG%2F1.1%2FDTD%2Fsvg11.dtd%22%3E%3Csvg%20width%3D%2214px%22%20height%3D%2212px%22%20viewBox%3D%220%200%2018%2015%22%20version%3D%221.1%22%20xmlns%3D%22http%3A%2F%2Fwww.w3.org%2F2000%2Fsvg%22%20xmlns%3Axlink%3D%22http%3A%2F%2Fwww.w3.org%2F1999%2Fxlink%22%3E%3Cpolygon%20id%3D%22Combined-Shape%22%20fill%3D%22%23ebebeb%22%20points%3D%228.98762301%200%200%209.12771969%200%2014.519983%209%205.40479869%2018%2014.519983%2018%209.12771969%22%3E%3C%2Fpolygon%3E%3C%2Fsvg%3E&#039;);\"><\/div><\/div><\/div><\/div><\/div><\/div>\n","protected":false},"excerpt":{"rendered":"OFFRE D\u2019EMPLOI \u2013 CAMIONNEUR Poste temporaire \u2013 Le candidat doit \u00eatre admissible \u00e0 la mesure du Programme de subvention salariale d\u2019Emploi-Qu\u00e9bec. Dur\u00e9e : 30 semaines Date limite pour postuler : [...]","protected":false},"author":3,"featured_media":0,"parent":0,"menu_order":0,"comment_status":"closed","ping_status":"closed","template":"","meta":{"footnotes":""},"class_list":["post-13097","page","type-page","status-publish","hentry"],"jetpack_sharing_enabled":true,"_links":{"self":[{"href":"https:\/\/relais-communautaire.org\/page\/wp-json\/wp\/v2\/pages\/13097","targetHints":{"allow":["GET"]}}],"collection":[{"href":"https:\/\/relais-communautaire.org\/page\/wp-json\/wp\/v2\/pages"}],"about":[{"href":"https:\/\/relais-communautaire.org\/page\/wp-json\/wp\/v2\/types\/page"}],"author":[{"embeddable":true,"href":"https:\/\/relais-communautaire.org\/page\/wp-json\/wp\/v2\/users\/3"}],"replies":[{"embeddable":true,"href":"https:\/\/relais-communautaire.org\/page\/wp-json\/wp\/v2\/comments?post=13097"}],"version-history":[{"count":37,"href":"https:\/\/relais-communautaire.org\/page\/wp-json\/wp\/v2\/pages\/13097\/revisions"}],"predecessor-version":[{"id":14585,"href":"https:\/\/relais-communautaire.org\/page\/wp-json\/wp\/v2\/pages\/13097\/revisions\/14585"}],"wp:attachment":[{"href":"https:\/\/relais-communautaire.org\/page\/wp-json\/wp\/v2\/media?parent=13097"}],"curies":[{"name":"wp","href":"https:\/\/api.w.org\/{rel}","templated":true}]}}