{"id":8247,"date":"2017-07-03T05:56:33","date_gmt":"2017-07-03T05:56:33","guid":{"rendered":"http:\/\/relais-communautaire.org\/page\/?page_id=8247"},"modified":"2023-09-25T21:02:03","modified_gmt":"2023-09-26T01:02:03","slug":"carrefour-des-aubaines","status":"publish","type":"page","link":"https:\/\/relais-communautaire.org\/page\/carrefour-des-aubaines\/","title":{"rendered":"Carrefour des Aubaines"},"content":{"rendered":"<div class=\"vc_row wpb_row vc_row-fluid\"><div class=\"wpb_column vc_column_container vc_col-sm-12\"><div class=\"vc_column-inner \" style=\" text-align:center; \"><div class=\"wpb_wrapper\"><div id=\"ts-vcsc-title-typed-1650399\" class=\"ts-title-typed-container   \" style=\"width: 100%; font-size: 36px; line-height: 36px; letter-spacing: 0px; font-weight: inherit; text-align: center; margin-top: 0px; margin-bottom: 0px;\" data-frontend=\"false\" data-mobilecolor=\"#000000\" data-mobile=\"false\" data-wrapper=\"h1\" data-title=\"Carrefour des Aubaines du Relais\" data-viewport=\"true\" data-usehtml=\"false\" data-strings=\"Carrefour des Aubaines du Relais\" data-pretext=\"\" data-posttext=\"\" data-showall=\"false\" data-showbreaks=\"1\" data-showdelay=\"1000\" data-showcursor=\"true\" data-cursorcolor=\"#cccccc\" data-removecursor=\"false\" data-loop=\"false\" data-loopcount=\"false\" data-startdelay=\"0\" data-backdelay=\"500\" data-typespeed=\"10\" data-backspeed=\"10\"><h1 class=\"ts-title-typed-mobile\" style=\"color: #000000; margin: 0; padding: 0; text-align: center; line-height: 120%; font-size: 36; font-weight: inherit; display: none;\">Carrefour des Aubaines du Relais<\/h1><div class=\"ts-title-typed-holder\" style=\"padding: 0 15px;\"><span class=\"ts-title-typed-string\" style=\"color: #000000; white-space: pre-wrap;\"><\/span><\/div><\/div><\/div><\/div><\/div><div class=\"wpb_column vc_column_container vc_col-sm-12\"><div class=\"vc_column-inner \"><div class=\"wpb_wrapper\"><\/div><\/div><\/div><\/div><div class=\"vc_row wpb_row vc_row-fluid\"><div class=\"wpb_column vc_column_container vc_col-sm-12\"><div class=\"vc_column-inner \" style=\" text-align:center; \"><div class=\"wpb_wrapper\">\n\t<div  class=\"wpb_single_image wpb_content_element vc_align_center\">\n\t\t\n\t\t<figure class=\"wpb_wrapper vc_figure\">\n\t\t\t<div class=\"vc_single_image-wrapper   vc_box_border_grey\"><img loading=\"lazy\" decoding=\"async\" width=\"1024\" height=\"768\" src=\"https:\/\/relais-communautaire.org\/page\/wp-content\/uploads\/2022\/10\/Infographie-Carrefour-des-Aubaines-web-1024x768.png\" class=\"vc_single_image-img attachment-large\" alt=\"\" srcset=\"https:\/\/relais-communautaire.org\/page\/wp-content\/uploads\/2022\/10\/Infographie-Carrefour-des-Aubaines-web-1024x768.png 1024w, https:\/\/relais-communautaire.org\/page\/wp-content\/uploads\/2022\/10\/Infographie-Carrefour-des-Aubaines-web-300x225.png 300w, https:\/\/relais-communautaire.org\/page\/wp-content\/uploads\/2022\/10\/Infographie-Carrefour-des-Aubaines-web-768x576.png 768w, https:\/\/relais-communautaire.org\/page\/wp-content\/uploads\/2022\/10\/Infographie-Carrefour-des-Aubaines-web-1536x1152.png 1536w, https:\/\/relais-communautaire.org\/page\/wp-content\/uploads\/2022\/10\/Infographie-Carrefour-des-Aubaines-web-2048x1536.png 2048w\" sizes=\"auto, (max-width: 1024px) 100vw, 1024px\" \/><\/div>\n\t\t<\/figure>\n\t<\/div>\n<\/div><\/div><\/div><div class=\"wpb_column vc_column_container vc_col-sm-12\"><div class=\"vc_column-inner \"><div class=\"wpb_wrapper\"><\/div><\/div><\/div><\/div><div class=\"vc_row wpb_row vc_row-fluid\"><div class=\"wpb_column vc_column_container vc_col-sm-6\"><div class=\"vc_column-inner \"><div class=\"wpb_wrapper\"><div class=\"vc_wp_text wpb_content_element\"><div class=\"widget widget_text\"><h3 class=\"widgettitle\">Le Carrefour des Aubaines du Relais<\/h3>\t\t\t<div class=\"textwidget\"><\/p>\n<div id=\"m_-5156489556477593877yiv7206679184yui_3_16_0_ym19_1_1507865730825_7265\">Ouvert depuis maintenant 6 ans, ce magasin s\u2019\u00e9tend sur deux niveaux et fait le bonheur d\u2019une client\u00e8le \u00e0\u00a0la recherche de toutes sortes de belles choses, du plus futile \u00e0 l\u2019indispensable, le tout de tr\u00e8s bonne facture sur le plan de la qualit\u00e9 et du prix.<\/div>\n<div><\/div>\n<div id=\"m_-5156489556477593877yiv7206679184yui_3_16_0_ym19_1_1507865730825_7266\">Ainsi, outre les v\u00eatements, la vaisselle, les bibelots, les tableaux, on trouvera \u00e9galement de l\u2019\u00e9lectrom\u00e9nager comme des frigos, po\u00eales, leveuses,<span id=\"m_-5156489556477593877yiv7206679184yui_3_16_0_ym19_1_1507865730825_7267\">\u00a0\u00a0<\/span>s\u00e9cheuses et m\u00eame de meubles et divans. Le client pourra y d\u00e9nicher des curiosit\u00e9s et bien d\u2019autres merveilles, les unes plus attrayantes que les autres .<\/div>\n<p>\n<\/div>\n\t\t<\/div><\/div><\/div><\/div><\/div><div class=\"wpb_column vc_column_container vc_col-sm-6\"><div class=\"vc_column-inner \"><div class=\"wpb_wrapper\">\n\t<div  class=\"wpb_single_image wpb_content_element vc_align_left\">\n\t\t\n\t\t<figure class=\"wpb_wrapper vc_figure\">\n\t\t\t<div class=\"vc_single_image-wrapper   vc_box_border_grey\"><img loading=\"lazy\" decoding=\"async\" width=\"1024\" height=\"541\" src=\"https:\/\/relais-communautaire.org\/page\/wp-content\/uploads\/2022\/10\/Carrefour-sep-2022_133204-1024x541.jpg\" class=\"vc_single_image-img attachment-large\" alt=\"\" srcset=\"https:\/\/relais-communautaire.org\/page\/wp-content\/uploads\/2022\/10\/Carrefour-sep-2022_133204-1024x541.jpg 1024w, https:\/\/relais-communautaire.org\/page\/wp-content\/uploads\/2022\/10\/Carrefour-sep-2022_133204-300x159.jpg 300w, https:\/\/relais-communautaire.org\/page\/wp-content\/uploads\/2022\/10\/Carrefour-sep-2022_133204-768x406.jpg 768w, https:\/\/relais-communautaire.org\/page\/wp-content\/uploads\/2022\/10\/Carrefour-sep-2022_133204-1536x812.jpg 1536w, https:\/\/relais-communautaire.org\/page\/wp-content\/uploads\/2022\/10\/Carrefour-sep-2022_133204-2048x1083.jpg 2048w\" sizes=\"auto, (max-width: 1024px) 100vw, 1024px\" \/><\/div>\n\t\t<\/figure>\n\t<\/div>\n<\/div><\/div><\/div><\/div><div class=\"vc_row wpb_row vc_row-fluid\"><div class=\"wpb_column vc_column_container vc_col-sm-6\"><div class=\"vc_column-inner \"><div class=\"wpb_wrapper\">\n\t<div  class=\"wpb_single_image wpb_content_element vc_align_left\">\n\t\t\n\t\t<figure class=\"wpb_wrapper vc_figure\">\n\t\t\t<div class=\"vc_single_image-wrapper   vc_box_border_grey\"><img loading=\"lazy\" decoding=\"async\" width=\"1024\" height=\"445\" src=\"https:\/\/relais-communautaire.org\/page\/wp-content\/uploads\/2022\/10\/Carrefour-sep-2022_130810-1024x445.jpg\" class=\"vc_single_image-img attachment-large\" alt=\"\" srcset=\"https:\/\/relais-communautaire.org\/page\/wp-content\/uploads\/2022\/10\/Carrefour-sep-2022_130810-1024x445.jpg 1024w, https:\/\/relais-communautaire.org\/page\/wp-content\/uploads\/2022\/10\/Carrefour-sep-2022_130810-300x130.jpg 300w, https:\/\/relais-communautaire.org\/page\/wp-content\/uploads\/2022\/10\/Carrefour-sep-2022_130810-768x334.jpg 768w, https:\/\/relais-communautaire.org\/page\/wp-content\/uploads\/2022\/10\/Carrefour-sep-2022_130810-1536x668.jpg 1536w, https:\/\/relais-communautaire.org\/page\/wp-content\/uploads\/2022\/10\/Carrefour-sep-2022_130810-2048x890.jpg 2048w\" sizes=\"auto, (max-width: 1024px) 100vw, 1024px\" \/><\/div>\n\t\t<\/figure>\n\t<\/div>\n<\/div><\/div><\/div><div class=\"wpb_column vc_column_container vc_col-sm-6\"><div class=\"vc_column-inner \"><div class=\"wpb_wrapper\"><div class=\"vc_wp_text wpb_content_element\"><div class=\"widget widget_text\"><h3 class=\"widgettitle\">Mais qui donc alimente cette v\u00e9ritable caverne d\u2019Ali Baba ?<\/h3>\t\t\t<div class=\"textwidget\"><\/p>\n<div id=\"m_-5156489556477593877yiv7206679184yui_3_16_0_ym19_1_1507865730825_7265\">A c\u00f4t\u00e9 de la g\u00e9n\u00e9rosit\u00e9 des particuliers, souvent anonymes, qui, spontan\u00e9ment, le c\u0153ur sur la main, n\u2019h\u00e9sitent pas \u00e0 nous c\u00e9der, gracieusement ce dont ils n\u2019ont plus l\u2019utilit\u00e9, il y a les partenaires, certes de moins en moins nombreux, crise financi\u00e8re oblige, qui<span id=\"m_-6721525463538807386yiv7206679184yui_3_16_0_ym19_1_1507865730825_7271\">\u00a0<\/span>nous offrent un quota, des surplus, des invendus ou \u00a0des retours souvent neufs.<\/div>\n<p>\n<\/div>\n\t\t<\/div><\/div><\/div><\/div><\/div><\/div><div class=\"vc_row wpb_row vc_row-fluid\"><div class=\"wpb_column vc_column_container vc_col-sm-6\"><div class=\"vc_column-inner \"><div class=\"wpb_wrapper\"><div class=\"vc_wp_text wpb_content_element\"><div class=\"widget widget_text\"><h3 class=\"widgettitle\">O\u00f9 vont les fonds r\u00e9colt\u00e9s ?<\/h3>\t\t\t<div class=\"textwidget\"><\/p>\n<div id=\"m_-5156489556477593877yiv7206679184yui_3_16_0_ym19_1_1507865730825_7265\">Le Carrefour des Aubaines, partie int\u00e9grante du Relais Communautaire de Laval, organisme \u00e0 but non lucratif, n\u2019a pas pour vocation de faire des b\u00e9n\u00e9fices au sens<span id=\"m_-6721525463538807386yiv7206679184yui_3_16_0_ym19_1_1507865730825_7276\">\u00a0 <\/span>commercial du terme. Il assure une disponibilit\u00e9 de marchandises de bonne facture tout en assurant son autofinancement par les ressources financi\u00e8res g\u00e9n\u00e9r\u00e9es. V\u00e9ritable poumon financier en cette p\u00e9riode de restrictions budg\u00e9taires, ces entr\u00e9es contribuent \u00e0 maintenir en activit\u00e9 le Relais et donc de lui permettre de continuer \u00e0 venir en aide aux plus d\u00e9munis d\u2019entre nous.<\/div>\n<p>\n<\/div>\n\t\t<\/div><\/div><\/div><\/div><\/div><div class=\"wpb_column vc_column_container vc_col-sm-6\"><div class=\"vc_column-inner \"><div class=\"wpb_wrapper\">\n\t<div  class=\"wpb_single_image wpb_content_element vc_align_left\">\n\t\t\n\t\t<figure class=\"wpb_wrapper vc_figure\">\n\t\t\t<div class=\"vc_single_image-wrapper   vc_box_border_grey\"><img loading=\"lazy\" decoding=\"async\" width=\"1024\" height=\"461\" src=\"https:\/\/relais-communautaire.org\/page\/wp-content\/uploads\/2022\/10\/Carrefour-sep-2022_133259-1024x461.jpg\" class=\"vc_single_image-img attachment-large\" alt=\"\" srcset=\"https:\/\/relais-communautaire.org\/page\/wp-content\/uploads\/2022\/10\/Carrefour-sep-2022_133259-1024x461.jpg 1024w, https:\/\/relais-communautaire.org\/page\/wp-content\/uploads\/2022\/10\/Carrefour-sep-2022_133259-300x135.jpg 300w, https:\/\/relais-communautaire.org\/page\/wp-content\/uploads\/2022\/10\/Carrefour-sep-2022_133259-768x346.jpg 768w, https:\/\/relais-communautaire.org\/page\/wp-content\/uploads\/2022\/10\/Carrefour-sep-2022_133259-1536x691.jpg 1536w, https:\/\/relais-communautaire.org\/page\/wp-content\/uploads\/2022\/10\/Carrefour-sep-2022_133259-2048x922.jpg 2048w\" sizes=\"auto, (max-width: 1024px) 100vw, 1024px\" \/><\/div>\n\t\t<\/figure>\n\t<\/div>\n<\/div><\/div><\/div><\/div><div class=\"vc_row wpb_row vc_row-fluid\"><div class=\"wpb_column vc_column_container vc_col-sm-6\"><div class=\"vc_column-inner \"><div class=\"wpb_wrapper\">\n\t<div  class=\"wpb_single_image wpb_content_element vc_align_left\">\n\t\t\n\t\t<figure class=\"wpb_wrapper vc_figure\">\n\t\t\t<div class=\"vc_single_image-wrapper   vc_box_border_grey\"><img loading=\"lazy\" decoding=\"async\" width=\"1024\" height=\"461\" src=\"https:\/\/relais-communautaire.org\/page\/wp-content\/uploads\/2022\/10\/Carrefour-sep-2022_133635-1024x461.jpg\" class=\"vc_single_image-img attachment-large\" alt=\"\" srcset=\"https:\/\/relais-communautaire.org\/page\/wp-content\/uploads\/2022\/10\/Carrefour-sep-2022_133635-1024x461.jpg 1024w, https:\/\/relais-communautaire.org\/page\/wp-content\/uploads\/2022\/10\/Carrefour-sep-2022_133635-300x135.jpg 300w, https:\/\/relais-communautaire.org\/page\/wp-content\/uploads\/2022\/10\/Carrefour-sep-2022_133635-768x346.jpg 768w, https:\/\/relais-communautaire.org\/page\/wp-content\/uploads\/2022\/10\/Carrefour-sep-2022_133635-1536x691.jpg 1536w, https:\/\/relais-communautaire.org\/page\/wp-content\/uploads\/2022\/10\/Carrefour-sep-2022_133635-2048x922.jpg 2048w\" sizes=\"auto, (max-width: 1024px) 100vw, 1024px\" \/><\/div>\n\t\t<\/figure>\n\t<\/div>\n<\/div><\/div><\/div><div class=\"wpb_column vc_column_container vc_col-sm-6\"><div class=\"vc_column-inner \"><div class=\"wpb_wrapper\"><div class=\"vc_wp_text wpb_content_element\"><div class=\"widget widget_text\"><h3 class=\"widgettitle\">Comment les prix sont ils d\u00e9termin\u00e9s ?<\/h3>\t\t\t<div class=\"textwidget\"><\/p>\n<div id=\"m_-5156489556477593877yiv7206679184yui_3_16_0_ym19_1_1507865730825_7265\">\u00a0Les prix sont calcul\u00e9s<span id=\"m_-6721525463538807386yiv7206679184yui_3_16_0_ym19_1_1507865730825_7281\">\u00a0<\/span>en tenant compte de la vocation du Relais qui est d\u2019aider et de la source d\u2019autofinancement qu\u2019est le Carrefour des Aubaines. Ils sont aussi fix\u00e9s apr\u00e8s avoir visit\u00e9 tous les autres magasins \u00e0 la m\u00eame vocation. Ils seront plus bas ceux que pratiqu\u00e9s ailleurs (La Renaissance, Le Village des Valeurs, ..). La politique du Relais fait que les items expos\u00e9s sont<span id=\"m_-6721525463538807386yiv7206679184yui_3_16_0_ym19_1_1507865730825_7282\">\u00a0 <\/span>vendus \u00e0 prix normal, \u00e0 demi tarif ou encore c\u00e9d\u00e9s gracieusement en fonction de la situation \u00e9conomique du client et qu\u2019un intervenant \u00e9valuera.<\/div>\n<p>\n<\/div>\n\t\t<\/div><\/div><\/div><\/div><\/div><\/div><div class=\"vc_row wpb_row vc_row-fluid\"><div class=\"wpb_column vc_column_container vc_col-sm-6\"><div class=\"vc_column-inner \"><div class=\"wpb_wrapper\"><div class=\"vc_wp_text wpb_content_element\"><div class=\"widget widget_text\"><h3 class=\"widgettitle\">Comment se font s\u00e9lection et tri de ce qui va \u00eatre propos\u00e9 aux clients ?<\/h3>\t\t\t<div class=\"textwidget\"><\/p>\n<div id=\"m_-5156489556477593877yiv7206679184yui_3_16_0_ym19_1_1507865730825_7265\">\n<div id=\"m_-6721525463538807386yiv7206679184yui_3_16_0_ym19_1_1507865730825_7295\">Toute cette marchandise r\u00e9cup\u00e9r\u00e9e est trait\u00e9e, tri\u00e9e puis<span id=\"m_-6721525463538807386yiv7206679184yui_3_16_0_ym19_1_1507865730825_7288\">\u00a0<\/span>d\u00e9pos\u00e9e sur les \u00e9tals pour \u00eatre mis \u00e0 la disposition de notre client\u00e8le.<span id=\"m_-6721525463538807386yiv7206679184yui_3_16_0_ym19_1_1507865730825_7289\">\u00a0<\/span>Tous les articles impropres \u00e0 la vente parce que sales, d\u00e9chir\u00e9s ou dangereux sont \u00e9limin\u00e9s.<span id=\"m_-6721525463538807386yiv7206679184yui_3_16_0_ym19_1_1507865730825_7290\">\u00a0<\/span><\/div>\n<\/div>\n<p>\n<\/div>\n\t\t<\/div><\/div><\/div><\/div><\/div><div class=\"wpb_column vc_column_container vc_col-sm-6\"><div class=\"vc_column-inner \"><div class=\"wpb_wrapper\"><div class=\"vc_wp_text wpb_content_element\"><div class=\"widget widget_text\"><h3 class=\"widgettitle\">Qui s\u2019occupe du fonctionnement du Carrefour ?<\/h3>\t\t\t<div class=\"textwidget\"><\/p>\n<div id=\"m_-5156489556477593877yiv7206679184yui_3_16_0_ym19_1_1507865730825_7265\">\n<div id=\"m_-6721525463538807386yiv7206679184yui_3_16_0_ym19_1_1507865730825_7295\">Toute une \u00e9quipe compos\u00e9e d\u2019employ\u00e9s, de b\u00e9n\u00e9voles d\u00e9vou\u00e9s, de personnes en travaux communautaires, de stagiaires assurent le bon fonctionnement du Carrefour.<\/div>\n<div><\/div>\n<div><\/div>\n<div id=\"m_-6721525463538807386yiv7206679184yui_3_16_0_ym19_1_1507865730825_7296\">V\u00e9ritable ruche, cette procession d\u2019anges, noy\u00e9e dans cette ambiance de travail, va et vient dans tous les sens, veillant au grain, s\u2019assurant que tout est en place, qu\u2019un choix vari\u00e9 est propos\u00e9, le tout dans un bon agencement.<\/div>\n<div id=\"m_-6721525463538807386yiv7206679184yui_3_16_0_ym19_1_1507865730825_7298\"><\/div>\n<\/div>\n<p>\n<\/div>\n\t\t<\/div><\/div><\/div><\/div><\/div><div class=\"wpb_column vc_column_container vc_col-sm-12\"><div class=\"vc_column-inner \"><div class=\"wpb_wrapper\"><\/div><\/div><\/div><\/div><div class=\"vc_row wpb_row vc_row-fluid\"><div class=\"wpb_column vc_column_container vc_col-sm-6\"><div class=\"vc_column-inner \"><div class=\"wpb_wrapper\">\n\t<div  class=\"wpb_single_image wpb_content_element vc_align_center\">\n\t\t\n\t\t<figure class=\"wpb_wrapper vc_figure\">\n\t\t\t<div class=\"vc_single_image-wrapper   vc_box_border_grey\"><img loading=\"lazy\" decoding=\"async\" width=\"562\" height=\"1024\" src=\"https:\/\/relais-communautaire.org\/page\/wp-content\/uploads\/2022\/10\/Carrefour-sep-2022_130149-562x1024.jpg\" class=\"vc_single_image-img attachment-large\" alt=\"\" srcset=\"https:\/\/relais-communautaire.org\/page\/wp-content\/uploads\/2022\/10\/Carrefour-sep-2022_130149-562x1024.jpg 562w, https:\/\/relais-communautaire.org\/page\/wp-content\/uploads\/2022\/10\/Carrefour-sep-2022_130149-165x300.jpg 165w, https:\/\/relais-communautaire.org\/page\/wp-content\/uploads\/2022\/10\/Carrefour-sep-2022_130149-768x1399.jpg 768w, https:\/\/relais-communautaire.org\/page\/wp-content\/uploads\/2022\/10\/Carrefour-sep-2022_130149-843x1536.jpg 843w, https:\/\/relais-communautaire.org\/page\/wp-content\/uploads\/2022\/10\/Carrefour-sep-2022_130149-1124x2048.jpg 1124w, https:\/\/relais-communautaire.org\/page\/wp-content\/uploads\/2022\/10\/Carrefour-sep-2022_130149-scaled.jpg 1405w\" sizes=\"auto, (max-width: 562px) 100vw, 562px\" \/><\/div>\n\t\t<\/figure>\n\t<\/div>\n<\/div><\/div><\/div><div class=\"wpb_column vc_column_container vc_col-sm-6\"><div class=\"vc_column-inner \"><div class=\"wpb_wrapper\">\n\t<div  class=\"wpb_single_image wpb_content_element vc_align_center\">\n\t\t\n\t\t<figure class=\"wpb_wrapper vc_figure\">\n\t\t\t<div class=\"vc_single_image-wrapper   vc_box_border_grey\"><img loading=\"lazy\" decoding=\"async\" width=\"461\" height=\"1024\" src=\"https:\/\/relais-communautaire.org\/page\/wp-content\/uploads\/2022\/10\/PSX_Carrefour-sep-2022_115444-1-461x1024.jpg\" class=\"vc_single_image-img attachment-large\" alt=\"\" srcset=\"https:\/\/relais-communautaire.org\/page\/wp-content\/uploads\/2022\/10\/PSX_Carrefour-sep-2022_115444-1-461x1024.jpg 461w, https:\/\/relais-communautaire.org\/page\/wp-content\/uploads\/2022\/10\/PSX_Carrefour-sep-2022_115444-1-135x300.jpg 135w, https:\/\/relais-communautaire.org\/page\/wp-content\/uploads\/2022\/10\/PSX_Carrefour-sep-2022_115444-1-768x1705.jpg 768w, https:\/\/relais-communautaire.org\/page\/wp-content\/uploads\/2022\/10\/PSX_Carrefour-sep-2022_115444-1-692x1536.jpg 692w, https:\/\/relais-communautaire.org\/page\/wp-content\/uploads\/2022\/10\/PSX_Carrefour-sep-2022_115444-1-922x2048.jpg 922w, https:\/\/relais-communautaire.org\/page\/wp-content\/uploads\/2022\/10\/PSX_Carrefour-sep-2022_115444-1-scaled.jpg 1153w\" sizes=\"auto, (max-width: 461px) 100vw, 461px\" \/><\/div>\n\t\t<\/figure>\n\t<\/div>\n<\/div><\/div><\/div><div class=\"wpb_column vc_column_container vc_col-sm-12\"><div class=\"vc_column-inner \"><div class=\"wpb_wrapper\"><\/div><\/div><\/div><\/div>\n","protected":false},"excerpt":{"rendered":"Carrefour des Aubaines du Relais Le Carrefour des Aubaines du Relais Ouvert depuis maintenant 6 ans, ce magasin s\u2019\u00e9tend sur deux niveaux et fait le bonheur d\u2019une client\u00e8le \u00e0\u00a0la recherche [...]","protected":false},"author":3,"featured_media":0,"parent":0,"menu_order":4,"comment_status":"closed","ping_status":"closed","template":"","meta":{"footnotes":""},"class_list":["post-8247","page","type-page","status-publish","hentry"],"jetpack_sharing_enabled":true,"_links":{"self":[{"href":"https:\/\/relais-communautaire.org\/page\/wp-json\/wp\/v2\/pages\/8247","targetHints":{"allow":["GET"]}}],"collection":[{"href":"https:\/\/relais-communautaire.org\/page\/wp-json\/wp\/v2\/pages"}],"about":[{"href":"https:\/\/relais-communautaire.org\/page\/wp-json\/wp\/v2\/types\/page"}],"author":[{"embeddable":true,"href":"https:\/\/relais-communautaire.org\/page\/wp-json\/wp\/v2\/users\/3"}],"replies":[{"embeddable":true,"href":"https:\/\/relais-communautaire.org\/page\/wp-json\/wp\/v2\/comments?post=8247"}],"version-history":[{"count":11,"href":"https:\/\/relais-communautaire.org\/page\/wp-json\/wp\/v2\/pages\/8247\/revisions"}],"predecessor-version":[{"id":13876,"href":"https:\/\/relais-communautaire.org\/page\/wp-json\/wp\/v2\/pages\/8247\/revisions\/13876"}],"wp:attachment":[{"href":"https:\/\/relais-communautaire.org\/page\/wp-json\/wp\/v2\/media?parent=8247"}],"curies":[{"name":"wp","href":"https:\/\/api.w.org\/{rel}","templated":true}]}}