{"id":8789,"date":"2017-07-07T18:27:54","date_gmt":"2017-07-07T18:27:54","guid":{"rendered":"http:\/\/relais-communautaire.org\/page\/?page_id=8789"},"modified":"2024-05-01T12:23:15","modified_gmt":"2024-05-01T16:23:15","slug":"conseil-administration","status":"publish","type":"page","link":"https:\/\/relais-communautaire.org\/page\/qui-sommes-nous\/conseil-administration\/","title":{"rendered":"Conseil d&#8217;administration"},"content":{"rendered":"<div class=\"vc_row wpb_row vc_row-fluid\"><div class=\"wpb_column vc_column_container vc_col-sm-12\"><div class=\"vc_column-inner \"><div class=\"wpb_wrapper\">\n\t<div class=\"wpb_text_column wpb_content_element \" >\n\t\t<div class=\"wpb_wrapper\">\n\t\t\t<p style=\"text-align: justify;\">\n\n\t\t<\/div>\n\t<\/div>\n<\/div><\/div><\/div><\/div><div class=\"vc_row wpb_row vc_row-fluid\"><div class=\"wpb_column vc_column_container vc_col-sm-12\"><div class=\"vc_column-inner \"><div class=\"wpb_wrapper\"><div class='dt-sc-title with-right-border-decor '><h2>Conseil d'administration<\/h2><p><\/p><\/div><\/div><\/div><\/div><\/div><div class=\"vc_row wpb_row vc_row-fluid\"><div class=\"wpb_column vc_column_container vc_col-sm-12\"><div class=\"vc_column-inner \"><div class=\"wpb_wrapper\">\n\t<div class=\"wpb_text_column wpb_content_element \" >\n\t\t<div class=\"wpb_wrapper\">\n\t\t\t<p>Riches d\u2019exp\u00e9riences de vie, d\u2019aptitudes multidisciplinaires et d\u2019humilit\u00e9 ind\u00e9niable, ces personnages donnent de leur temps par g\u00e9n\u00e9rosit\u00e9 pour la cause et la mission de notre organisme.<\/p>\n\n\t\t<\/div>\n\t<\/div>\n<\/div><\/div><\/div><\/div><div class=\"vc_row wpb_row vc_row-fluid\"><div class=\"wpb_column vc_column_container vc_col-sm-12\"><div class=\"vc_column-inner \"><div class=\"wpb_wrapper\"><ul class='dt-sc-fancy-list   arrow'>\n<li>Patrick Martineau, pr\u00e9sident<\/li>\n<li>Veronique Dommerc, s\u00e9cretaire<\/li>\n<li>Beaulac Michel, tresorier<\/li>\n<li>Louis-Philipe Huot, administrateur<\/li>\n<li>Elizabeth Kurth, administratrice<\/li>\n<li>Annick Livrozet, issue des b\u00e9n\u00e9voles<\/li>\n<li>Ramona Gutu, issue des employ\u00e9s<\/li>\n<li>Corine Vanderborght, directrice g\u00e9n\u00e9rale, observatrice<\/li>\n<\/ul><\/div><\/div><\/div><div class=\"wpb_column vc_column_container vc_col-sm-12\"><div class=\"vc_column-inner \"><div class=\"wpb_wrapper\"><div class=\"vc_empty_space\"   style=\"height: 32px\"><span class=\"vc_empty_space_inner\"><\/span><\/div><div class=\"vc_empty_space\"   style=\"height: 32px\"><span class=\"vc_empty_space_inner\"><\/span><\/div><\/div><\/div><\/div><\/div>\n","protected":false},"excerpt":{"rendered":"Conseil d'administration Riches d\u2019exp\u00e9riences de vie, d\u2019aptitudes multidisciplinaires et d\u2019humilit\u00e9 ind\u00e9niable, ces personnages donnent de leur temps par g\u00e9n\u00e9rosit\u00e9 pour la cause et la mission de notre organisme. Patrick Martineau, [...]","protected":false},"author":3,"featured_media":0,"parent":9670,"menu_order":0,"comment_status":"closed","ping_status":"closed","template":"","meta":{"footnotes":""},"class_list":["post-8789","page","type-page","status-publish","hentry"],"jetpack_sharing_enabled":true,"_links":{"self":[{"href":"https:\/\/relais-communautaire.org\/page\/wp-json\/wp\/v2\/pages\/8789","targetHints":{"allow":["GET"]}}],"collection":[{"href":"https:\/\/relais-communautaire.org\/page\/wp-json\/wp\/v2\/pages"}],"about":[{"href":"https:\/\/relais-communautaire.org\/page\/wp-json\/wp\/v2\/types\/page"}],"author":[{"embeddable":true,"href":"https:\/\/relais-communautaire.org\/page\/wp-json\/wp\/v2\/users\/3"}],"replies":[{"embeddable":true,"href":"https:\/\/relais-communautaire.org\/page\/wp-json\/wp\/v2\/comments?post=8789"}],"version-history":[{"count":13,"href":"https:\/\/relais-communautaire.org\/page\/wp-json\/wp\/v2\/pages\/8789\/revisions"}],"predecessor-version":[{"id":14144,"href":"https:\/\/relais-communautaire.org\/page\/wp-json\/wp\/v2\/pages\/8789\/revisions\/14144"}],"up":[{"embeddable":true,"href":"https:\/\/relais-communautaire.org\/page\/wp-json\/wp\/v2\/pages\/9670"}],"wp:attachment":[{"href":"https:\/\/relais-communautaire.org\/page\/wp-json\/wp\/v2\/media?parent=8789"}],"curies":[{"name":"wp","href":"https:\/\/api.w.org\/{rel}","templated":true}]}}