{"id":9706,"date":"2017-08-28T21:32:40","date_gmt":"2017-08-28T20:32:40","guid":{"rendered":"http:\/\/relais-communautaire.org\/page\/?page_id=9706"},"modified":"2022-09-19T11:41:50","modified_gmt":"2022-09-19T15:41:50","slug":"politique-de-vente","status":"publish","type":"page","link":"https:\/\/relais-communautaire.org\/page\/carrefour-des-aubaines\/politique-de-vente\/","title":{"rendered":"Politique de vente"},"content":{"rendered":"<div class=\"vc_row wpb_row vc_row-fluid\"><div class=\"wpb_column vc_column_container vc_col-sm-12\"><div class=\"vc_column-inner \"><div class=\"wpb_wrapper\">\n\t<div class=\"wpb_text_column wpb_content_element \" >\n\t\t<div class=\"wpb_wrapper\">\n\t\t\t<p>&nbsp;<\/p>\n<h3 class=\"stitre2\">MODES DE PAIEMENT ACCEPT\u00c9S\u00a0:<\/h3>\n<ul>\n<li>COMPTANT\u00a0: Les billets de 100\u00a0$ ne sont pas accept\u00e9s.<\/li>\n<li>INTERAC<\/li>\n<li>VISA et MASTERCARD\u00a0: Achat minimum de 5\u00a0$<\/li>\n<\/ul>\n<h3 class=\"stitre2\">AUCUNE\u00a0MISE DE C\u00d4T\u00c9 DE LA MARCHANDISE<\/h3>\n<ul>\n<li>Les bijoux ne sont ni remboursables ni \u00e9changeables &#8211;\u00a0<strong>VENTE FINALE<\/strong>.<\/li>\n<li>Les livres ne sont ni remboursables ni \u00e9changeables &#8211;\u00a0<strong>VENTE FINALE<\/strong>.<\/li>\n<li>La peinture et le vernis ne sont ni remboursables ni \u00e9changeables &#8211;\u00a0<strong>VENTE FINALE<\/strong>.<\/li>\n<li>Un sac ouvert\u00a0<strong>NE PEUT PAS<\/strong>\u00a0\u00eatre vendu.<\/li>\n<li>Tout article sans \u00e9tiquette de prix ne peut \u00eatre vendu imm\u00e9diatement.<\/li>\n<\/ul>\n\n\t\t<\/div>\n\t<\/div>\n<\/div><\/div><\/div><\/div>\n","protected":false},"excerpt":{"rendered":"&nbsp; MODES DE PAIEMENT ACCEPT\u00c9S\u00a0: COMPTANT\u00a0: Les billets de 100\u00a0$ ne sont pas accept\u00e9s. INTERAC VISA et MASTERCARD\u00a0: Achat minimum de 5\u00a0$ AUCUNE\u00a0MISE DE C\u00d4T\u00c9 DE LA MARCHANDISE Les bijoux [...]","protected":false},"author":3,"featured_media":0,"parent":8247,"menu_order":0,"comment_status":"closed","ping_status":"closed","template":"","meta":{"footnotes":""},"class_list":["post-9706","page","type-page","status-publish","hentry"],"jetpack_sharing_enabled":true,"_links":{"self":[{"href":"https:\/\/relais-communautaire.org\/page\/wp-json\/wp\/v2\/pages\/9706","targetHints":{"allow":["GET"]}}],"collection":[{"href":"https:\/\/relais-communautaire.org\/page\/wp-json\/wp\/v2\/pages"}],"about":[{"href":"https:\/\/relais-communautaire.org\/page\/wp-json\/wp\/v2\/types\/page"}],"author":[{"embeddable":true,"href":"https:\/\/relais-communautaire.org\/page\/wp-json\/wp\/v2\/users\/3"}],"replies":[{"embeddable":true,"href":"https:\/\/relais-communautaire.org\/page\/wp-json\/wp\/v2\/comments?post=9706"}],"version-history":[{"count":3,"href":"https:\/\/relais-communautaire.org\/page\/wp-json\/wp\/v2\/pages\/9706\/revisions"}],"predecessor-version":[{"id":13470,"href":"https:\/\/relais-communautaire.org\/page\/wp-json\/wp\/v2\/pages\/9706\/revisions\/13470"}],"up":[{"embeddable":true,"href":"https:\/\/relais-communautaire.org\/page\/wp-json\/wp\/v2\/pages\/8247"}],"wp:attachment":[{"href":"https:\/\/relais-communautaire.org\/page\/wp-json\/wp\/v2\/media?parent=9706"}],"curies":[{"name":"wp","href":"https:\/\/api.w.org\/{rel}","templated":true}]}}